 prime factors of l.
11
Suppose 0 = p - 5*p - 4*w - 264, 3*p + 4*w = -199. List the prime factors of (-2)/4 + p/(-10).
2, 3
Suppose 2*i = -4*p + 8*p + 8, 0 = -i + 3*p + 4. Suppose 0*r - 260 = -i*r. Suppose 4*w + 3*q = r, 3*w - q = 3 + 49. List the prime factors of w.
17
Suppose 5*q - 4 = v, 0*q = -3*v + q + 30. Let j = v - 8. What are the prime factors of j?
3
Let y(q) = q**3 + 15*q**2 - 18*q + 7. List the prime factors of y(-16).
3, 13
Let v = 15 - 4. Suppose 5*f - 4*j = 9, 6*f - 2*f + 5*j + 1 = 0. Suppose x - v = -f. List the prime factors of x.
2, 5
Suppose 2 + 38 = 5*h. Let y = h + -1. What are the prime factors of y?
7
Suppose -3*i + 97 = -j, 4*i + i + 3*j = 143. Let x = i + -8. List the prime factors of x.
23
List the prime factors of (-160)/(-12)*3/2.
2, 5
Let l be (-4)/(-18) - 268/(-9). Let b be (2 + l)*9/(-12). Let h = -14 - b. List the prime factors of h.
2, 5
Let o be (-2)/(-6) + (-296)/(-12). Let j = o + -11. What are the prime factors of ((-8)/(-3))/(j/21)?
2
Suppose -3*i = -27 - 66. List the prime factors of i.
31
Let s be (-42)/(-6) - (0 + 0). Let w = s - 2. What are the prime factors of w?
5
Let v = 122 + -31. What are the prime factors of v?
7, 13
List the prime factors of (8*-155)/(-5) + -3.
5, 7
Suppose 0 = 5*i + 4 - 29. Suppose m = i*m - 28. List the prime factors of m.
7
Suppose -23*r + 16*r = -1358. What are the prime factors of r?
2, 97
Suppose 7*x - 3*x = 16. Suppose 0 = 2*a - x*l + 8, -2*a - 4 + 41 = 5*l. What are the prime factors of a?
2, 3
Let s be (-115)/(-15)*(0 - -3). Suppose s = m + 9. What are the prime factors of m?
2, 7
Let q(p) = -p**3 - 4*p**2 + 4*p - 1. Let s be q(-5). Let o be 18/s - 2/(-4). Suppose -3*g + o + 13 = 0. List the prime factors of g.
2, 3
Let t = 184 + -88. List the prime factors of t.
2, 3
Let z be 4/8 + 2/(-4). Let g be (-9)/5*20/(-6). Suppose z = -v - 0*v + g. What are the prime factors of v?
2, 3
Suppose -4 + 0 = -t. Suppose -t*f + 1 = p + 14, -32 = -4*p + 5*f. Suppose 3*i = -2*m + 5, p*m + m - 13 = -3*i. What are the prime factors of m?
2
Suppose 2*p + 3 = 25. List the prime factors of (6/(-3) - -1) + p.
2, 5
Let q = 5 - -3. List the prime factors of q.
2
Suppose -l = -4*l - 21. Let s = l - -31. List the prime factors of s.
2, 3
Let b(g) = g**3 + 15*g**2 - 10*g + 8. List the prime factors of b(-15).
2, 79
Suppose 2*g + 12 = -2*g. Let s = g - -4. List the prime factors of ((-39)/(-3))/1 - s.
2, 3
Suppose -c + 17 = -6. What are the prime factors of c?
23
Suppose 2*j + 0*z - 9 = z, -2*z = 3*j + 4. Let n = j - -2. Suppose n*u + 8 = -4*c, -4*c + 2*u = -0*u - 16. What are the prime factors of c?
2
Let i(f) = 2*f**2 - 5*f - 3. Let d be i(4). Let l(g) = -g + 6. Let x be l(d). List the prime factors of x/(2 - (-14)/(-4)).
2
Let a be (-6 - -5)/(1/6). Let o = -1 - a. What are the prime factors of o?
5
Suppose 999 = 5*v - 4*b - 52, -4*b + 1019 = 5*v. List the prime factors of v.
3, 23
Let v be ((-3)/((-6)/(-4)))/1. Let a be -1 + v + 2 + 3. List the prime factors of (a/4)/(-1)*-10.
5
Suppose 0 = 3*a - j - 7, 3*j = a - 3*a + 1. What are the prime factors of a/2*10/5?
2
Let z(t) = 2*t**3 - 9*t**2 + 10*t - 6. What are the prime factors of z(5)?
3, 23
Let i be (-82)/(((-15)/6)/5). Suppose -z - i = -5*z. List the prime factors of z.
41
Let q be 1*85 - (7 - 7). Suppose 4*p + 0*p + 3*f = q, -3*p = -4*f - 95. List the prime factors of p.
5
Let a(r) = r**3 - 2*r**2 - 3*r - 2. Let w be a(3). Let i(f) = f**2 + 2*f + 2. Let v be i(w). Suppose 11 = b + v. What are the prime factors of b?
3
Suppose y + 3 = 4*y, 8 = 5*x - 2*y. Let n(f) = f**3 + 4*f**2 - 6*f - 5. Let d be n(-5). Suppose d*a = a - x. What are the prime factors of a?
2
Let b = 4 - -2. Suppose -3*y + b = 0, 2*y + 3*y = -3*u + 112. List the prime factors of u.
2, 17
Let s(f) = 0*f - 2*f - 6*f - 7. List the prime factors of s(-5).
3, 11
Suppose -8*x + 9*x = 8. List the prime factors of x.
2
Suppose 3*m + 0*m - 414 = 0. List the prime factors of m.
2, 3, 23
Let j(x) = x**3 + 4*x**2 + x + 3. Let f be j(-4). Let l = f + 3. Suppose 3*d = 12, 32 - 2 = l*k + 3*d. What are the prime factors of k?
3
Suppose 10*x - 16*x + 468 = 0. What are the prime factors of x?
2, 3, 13
Suppose -2*m = -2*o - 173 - 349, 2*o - 530 = -2*m. List the prime factors of m.
263
Let y be (9/(-6))/(12/208). List the prime factors of 4/y + 756/182.
2
Suppose z + 28 = 2*z + 5*s, -5*z = -3*s - 224. List the prime factors of z.
43
Let g(f) be the first derivative of f**4/4 + 5*f**3/3 - 7*f**2/2 + 7*f - 1. Let o be g(-6). Let a = -7 + o. List the prime factors of a.
2, 3
Let c(h) = -h**2 - 5*h. Suppose 0 = 3*a + a + 12. Let t be c(a). Suppose 0 = -f + t + 8. What are the prime factors of f?
2, 7
Let g(r) = -4*r**2 - 7*r - 6. Let o be g(-6). Let i = -65 - o. Suppose 6*z + 2*t = z + i, -3*z + 17 = -t. List the prime factors of z.
7
Suppose 0 = 3*u - 2*f + 8 - 23, 2*u - 10 = 4*f. Let t = 9 - u. Suppose -5*p - 3*m = -11 + 5, -t*p - 2*m = -6. What are the prime factors of p?
3
Let n = -259 - -389. What are the prime factors of n?
2, 5, 13
Let u(t) = t**3 + 28*t**2 + 20*t + 5. List the prime factors of u(-27).
2, 97
Let k = -2 - -4. Suppose -k*g = g - 114. Let w = -27 + g. List the prime factors of w.
11
Let r(a) = a**3 - 8*a**2 - 2*a + 9. Let j be r(8). Let w = j + 29. Suppose -4 - w = -4*c - 2*u, 4 = -4*u. List the prime factors of c.
7
Let u = 9 - -2. Suppose -u = -3*n + s - 2, s - 5 = -4*n. List the prime factors of n.
2
Let o(x) = 57*x**2 + 8*x - 2. What are the prime factors of o(2)?
2, 11
Let l(h) be the first derivative of -h**3/3 - h**2/2 + 2*h + 2. Suppose 5 = -2*m - a, 2*m - a - 5 = 5*m. What are the prime factors of l(m)?
2
Suppose p = -2*v - 6, -3*p - 5 = 2*v + 5. Let l(b) = -2*b**3 - 2*b + 1. What are the prime factors of l(v)?
3, 7
Let m be 318/4 - 1/2. Suppose -3*h + 39 = -v, -7*h + m = -2*h + 3*v. List the prime factors of h.
2, 7
Suppose 0 = 3*s - 3 + 12. Let i be (-3 - s) + (-1 - -29). Let r = i - 13. What are the prime factors of r?
3, 5
Let t(m) = m**2 - 3*m - 3. Let v = -4 - 0. What are the prime factors of t(v)?
5
Let f(m) = 28*m - 4. List the prime factors of f(11).
2, 19
Let o be (-15)/(-10)*(-8)/6. List the prime factors of -5 - -3 - o - -22.
2, 11
Let j = 125 + -89. Suppose 2*z = -0*z + j. What are the prime factors of z?
2, 3
Let v be (-6)/((6/(-9))/(-1)). Let c(q) = -q - 5. Let i be c(v). Suppose -i*d + 40 = 3*x, 2*d = 5*x + 21 - 1. List the prime factors of d.
2, 5
Suppose -966 + 125 = -5*r - p, 0 = -r - 3*p + 157. What are the prime factors of r?
13
Let l be -1 + (3 - 2) - -28. Suppose t - 4*z - 4 = -t, 5*t = z + l. What are the prime factors of t?
2, 3
Suppose 0*g - 15 = -3*g, 3*r + g = 113. What are the prime factors of r?
2, 3
Let d(n) = 3*n**2 - 5*n + 2 + 0*n**2 - n**2. Let h be d(4). Suppose -4*w + h = -2*w. What are the prime factors of w?
7
Suppose t = -t + 88. Suppose -t = -2*s - r, -22 = -s - 5*r + r. List the prime factors of s.
2, 11
Let d be (16/(-6))/((-4)/6). Suppose -2 - d = -2*o. List the prime factors of o.
3
Let l(w) = 10*w**2 - 2*w - 1. Suppose 0 = -q, -6*q + q = -2*y - 2. List the prime factors of l(y).
11
Let k be ((-3)/(-6))/((-2)/(-108)). Let z = k - 11. Suppose i + i = z. What are the prime factors of i?
2
Let l(h) = -h + 29. Let i be l(0). Suppose 61 = -5*y - i. List the prime factors of 54/7 - y/63.
2
Let u(l) = -l**2 - 5*l - 4. Let v be u(-3). Let k = 3 - 4. List the prime factors of (k + v)/((-4)/(-12)).
3
Suppose -5*l - 4*f + 2 = 0, 2*l = 4*l + 3*f + 2. Suppose -s - l*d = -0*d + 3, 3*s = 3*d + 27. Suppose 0*v + 20 = s*v. What are the prime factors of v?
2
Let q(f) = -8 - f + 5 - 1. Suppose -2*k + 46 = -5*t, 4*t + k = -0*t - 42. List the prime factors of q(t).
2, 3
Suppose 2*t - 25 = -2*t + l, 0 = 3*t - 2*l - 25. Suppose -4*d = 5*k - 17, t*d + k = -k + 17. List the prime factors of d.
3
Suppose 1 = 2*j - 11. Suppose -2*a + 0 = 2*s - j, -s - 3*a + 9 = 0. List the prime factors of 1*34/(2 - s).
17
Let w(g) = -g**2 - g + 53. Let d be w(0). Let k = -30 + d. What are the prime factors of k?
23
Suppose -5*s + 7*s = 0. Suppose 0 = 2*d - 0*d, -4*f + 3*d + 60 = s. List the prime factors of f.
3, 5
Suppose -2*b = -3*r - 166, 73 - 259 = -2*b - 2*r. List the prime factors of b.
89
Let s(n) be the second derivative of n**5/20 + n**4/3 - 3*n**2/2 - 3